Last updated on 2024-06-29 11:49:14 CEST.
Flavor | Version | Tinstall | Tcheck | Ttotal | Status | Flags |
---|---|---|---|---|---|---|
r-devel-linux-x86_64-debian-clang | 0.3.1 | 24.48 | 209.27 | 233.75 | OK | |
r-devel-linux-x86_64-debian-gcc | 0.3.1 | 19.65 | 154.53 | 174.18 | OK | |
r-devel-linux-x86_64-fedora-clang | 0.3.1 | 314.04 | OK | |||
r-devel-linux-x86_64-fedora-gcc | 0.3.1 | 304.86 | OK | |||
r-devel-windows-x86_64 | 0.3.1 | 18.00 | 168.00 | 186.00 | OK | |
r-patched-linux-x86_64 | 0.3.1 | 14.08 | 201.85 | 215.93 | OK | |
r-release-linux-x86_64 | 0.3.1 | 20.20 | 201.06 | 221.26 | OK | |
r-release-macos-arm64 | 0.3.1 | 78.00 | OK | |||
r-release-macos-x86_64 | 0.3.1 | 114.00 | WARN | |||
r-release-windows-x86_64 | 0.3.1 | 19.00 | 171.00 | 190.00 | OK | |
r-oldrel-macos-arm64 | 0.3.1 | 83.00 | OK | |||
r-oldrel-macos-x86_64 | 0.3.1 | 176.00 | OK | |||
r-oldrel-windows-x86_64 | 0.3.1 | 26.00 | 209.00 | 235.00 | OK |
Version: 0.3.1
Check: re-building of vignette outputs
Result: WARN
Error(s) in re-building vignettes:
...
--- re-building ‘IDE_intro.Rnw’ using knitr
Error: processing vignette 'IDE_intro.Rnw' failed with diagnostics:
Running 'texi2dvi' on 'IDE_intro.tex' failed.
LaTeX errors:
! Undefined control sequence.
l.195 \hlkwd{library}\hldef
{(}\hlsng{"dplyr"}\hldef{)}
?
! Emergency stop.
! Emergency stop.
l.195
End of file on the terminal!
! ==> Fatal error occurred, no output PDF file produced!
--- failed re-building ‘IDE_intro.Rnw’
SUMMARY: processing the following file failed:
‘IDE_intro.Rnw’
Error: Vignette re-building failed.
Execution halted
Flavor: r-release-macos-x86_64