Last updated on 2024-06-29 23:49:53 CEST.
Flavor | Version | Tinstall | Tcheck | Ttotal | Status | Flags |
---|---|---|---|---|---|---|
r-devel-linux-x86_64-debian-clang | 0.3-5 | 59.73 | 233.40 | 293.13 | OK | |
r-devel-linux-x86_64-debian-gcc | 0.3-5 | 32.58 | 170.87 | 203.45 | OK | |
r-devel-linux-x86_64-fedora-clang | 0.3-5 | 373.38 | OK | |||
r-devel-linux-x86_64-fedora-gcc | 0.3-5 | 367.54 | OK | |||
r-devel-windows-x86_64 | 0.3-5 | 49.00 | 187.00 | 236.00 | OK | |
r-patched-linux-x86_64 | 0.3-5 | 53.10 | 220.49 | 273.59 | OK | |
r-release-linux-x86_64 | 0.3-5 | 47.13 | 223.19 | 270.32 | OK | |
r-release-macos-arm64 | 0.3-5 | 89.00 | NOTE | |||
r-release-macos-x86_64 | 0.3-5 | 135.00 | NOTE | |||
r-release-windows-x86_64 | 0.3-5 | 45.00 | 185.00 | 230.00 | OK | |
r-oldrel-macos-arm64 | 0.3-5 | 100.00 | NOTE | |||
r-oldrel-macos-x86_64 | 0.3-5 | 171.00 | NOTE | |||
r-oldrel-windows-x86_64 | 0.3-5 | 54.00 | 250.00 | 304.00 | OK |
Version: 0.3-5
Check: installed package size
Result: NOTE
installed size is 5.4Mb
sub-directories of 1Mb or more:
doc 2.5Mb
libs 2.6Mb
Flavors: r-release-macos-arm64, r-release-macos-x86_64, r-oldrel-macos-arm64, r-oldrel-macos-x86_64