Last updated on 2024-06-29 11:49:14 CEST.
Flavor | Version | Tinstall | Tcheck | Ttotal | Status | Flags |
---|---|---|---|---|---|---|
r-devel-linux-x86_64-debian-clang | 0.0.1 | 4.86 | 51.07 | 55.93 | OK | |
r-devel-linux-x86_64-debian-gcc | 0.0.1 | 4.14 | 39.13 | 43.27 | OK | |
r-devel-linux-x86_64-fedora-clang | 0.0.1 | 74.86 | NOTE | |||
r-devel-linux-x86_64-fedora-gcc | 0.0.1 | 80.91 | NOTE | |||
r-devel-windows-x86_64 | 0.0.1 | 5.00 | 59.00 | 64.00 | OK | |
r-patched-linux-x86_64 | 0.0.1 | 3.30 | 49.07 | 52.37 | OK | |
r-release-linux-x86_64 | 0.0.1 | 5.55 | 49.91 | 55.46 | OK | |
r-release-macos-arm64 | 0.0.1 | 27.00 | OK | |||
r-release-macos-x86_64 | 0.0.1 | 46.00 | OK | |||
r-release-windows-x86_64 | 0.0.1 | 5.00 | 58.00 | 63.00 | OK | |
r-oldrel-macos-arm64 | 0.0.1 | 30.00 | OK | |||
r-oldrel-macos-x86_64 | 0.0.1 | 42.00 | OK | |||
r-oldrel-windows-x86_64 | 0.0.1 | 6.00 | 66.00 | 72.00 | OK |
Version: 0.0.1
Check: dependencies in R code
Result: NOTE
Namespace in Imports field not imported from: ‘knitr’
All declared Imports should be used.
Flavors: r-devel-linux-x86_64-fedora-clang, r-devel-linux-x86_64-fedora-gcc