Last updated on 2025-02-21 19:50:28 CET.
Flavor | Version | Tinstall | Tcheck | Ttotal | Status | Flags |
---|---|---|---|---|---|---|
r-devel-linux-x86_64-debian-clang | 5.2-2 | 54.66 | 307.90 | 362.56 | NOTE | |
r-devel-linux-x86_64-debian-gcc | 5.2-2 | 32.57 | 185.96 | 218.53 | NOTE | |
r-devel-linux-x86_64-fedora-clang | 5.2-2 | 590.58 | NOTE | |||
r-devel-linux-x86_64-fedora-gcc | 5.2-2 | 542.90 | NOTE | |||
r-devel-macos-arm64 | 5.2-2 | 146.00 | NOTE | |||
r-devel-macos-x86_64 | 5.2-2 | 279.00 | NOTE | |||
r-devel-windows-x86_64 | 5.2-2 | 62.00 | 339.00 | 401.00 | NOTE | |
r-patched-linux-x86_64 | 5.2-2 | 59.45 | 280.78 | 340.23 | NOTE | |
r-release-linux-x86_64 | 5.2-2 | 49.86 | 280.37 | 330.23 | NOTE | |
r-release-macos-arm64 | 5.2-2 | 122.00 | NOTE | |||
r-release-macos-x86_64 | 5.2-2 | 165.00 | NOTE | |||
r-release-windows-x86_64 | 5.2-2 | 68.00 | 334.00 | 402.00 | NOTE | |
r-oldrel-macos-arm64 | 5.2-2 | 124.00 | NOTE | |||
r-oldrel-macos-x86_64 | 5.2-2 | 234.00 | NOTE | |||
r-oldrel-windows-x86_64 | 5.2-2 | 77.00 | 400.00 | 477.00 | NOTE |
Version: 5.2-2
Check: R code for possible problems
Result: NOTE
html_describe_con: multiple local function definitions for āgā with
different formal arguments
Flavors: r-devel-linux-x86_64-debian-clang, r-devel-linux-x86_64-debian-gcc, r-devel-linux-x86_64-fedora-clang, r-devel-linux-x86_64-fedora-gcc, r-devel-macos-arm64, r-devel-macos-x86_64, r-devel-windows-x86_64, r-patched-linux-x86_64, r-release-linux-x86_64, r-release-macos-arm64, r-release-macos-x86_64, r-release-windows-x86_64, r-oldrel-macos-arm64, r-oldrel-macos-x86_64, r-oldrel-windows-x86_64