CRAN Package Check Results for Package HealthCal

Last updated on 2025-04-29 19:50:34 CEST.

Flavor Version Tinstall Tcheck Ttotal Status Flags
r-devel-linux-x86_64-debian-clang 0.1.1 1.73 20.42 22.15 NOTE
r-devel-linux-x86_64-debian-gcc 0.1.1 1.35 16.85 18.20 NOTE
r-devel-linux-x86_64-fedora-clang 0.1.1 35.89 OK
r-devel-linux-x86_64-fedora-gcc 0.1.1 46.79 OK
r-devel-windows-x86_64 0.1.1 2.00 41.00 43.00 OK
r-patched-linux-x86_64 0.1.1 1.75 19.64 21.39 OK
r-release-linux-x86_64 0.1.1 1.68 19.44 21.12 OK
r-release-macos-arm64 0.1.1 22.00 OK
r-release-macos-x86_64 0.1.1 37.00 OK
r-release-windows-x86_64 0.1.1 2.00 45.00 47.00 OK
r-oldrel-macos-arm64 0.1.1 20.00 OK
r-oldrel-macos-x86_64 0.1.1 33.00 OK
r-oldrel-windows-x86_64 0.1.1 3.00 43.00 46.00 OK

Check Details

Version: 0.1.1
Check: CRAN incoming feasibility
Result: NOTE Maintainer: ‘Pankaj Das <pankaj.das2@icar.gov.in>’ No Authors@R field in DESCRIPTION. Please add one, modifying Authors@R: person(given = "Pankaj", family = "Das", role = c("aut", "cre"), email = "pankaj.das2@icar.gov.in", comment = c(ORCID = "0000-0003-1672-2502")) as necessary. Flavors: r-devel-linux-x86_64-debian-clang, r-devel-linux-x86_64-debian-gcc