Last updated on 2025-05-09 16:52:58 CEST.
Flavor | Version | Tinstall | Tcheck | Ttotal | Status | Flags |
---|---|---|---|---|---|---|
r-devel-linux-x86_64-debian-clang | 7.3.2 | 22.23 | 371.60 | 393.83 | OK | |
r-devel-linux-x86_64-debian-gcc | 7.3.2 | 13.83 | 241.26 | 255.09 | OK | |
r-devel-linux-x86_64-fedora-clang | 7.3.2 | 617.47 | OK | |||
r-devel-linux-x86_64-fedora-gcc | 7.3.2 | 648.01 | OK | |||
r-devel-windows-x86_64 | 7.3.2 | 26.00 | 404.00 | 430.00 | OK | |
r-patched-linux-x86_64 | 7.3.2 | 21.56 | 358.94 | 380.50 | OK | |
r-release-linux-x86_64 | 7.3.2 | 21.83 | 354.59 | 376.42 | OK | |
r-release-macos-arm64 | 7.3.2 | 193.00 | OK | |||
r-release-macos-x86_64 | 7.3.2 | 337.00 | OK | |||
r-release-windows-x86_64 | 7.3.2 | 26.00 | 412.00 | 438.00 | OK | |
r-oldrel-macos-arm64 | 7.3.2 | 176.00 | NOTE | |||
r-oldrel-macos-x86_64 | 7.3.2 | 529.00 | NOTE | |||
r-oldrel-windows-x86_64 | 7.3.2 | 35.00 | 519.00 | 554.00 | OK |
Version: 7.3.2
Check: package dependencies
Result: NOTE
Package suggested but not available for checking: ‘Rmpi’
Flavors: r-oldrel-macos-arm64, r-oldrel-macos-x86_64