Last updated on 2024-08-24 16:49:01 CEST.
Flavor | Version | Tinstall | Tcheck | Ttotal | Status | Flags |
---|---|---|---|---|---|---|
r-devel-linux-x86_64-debian-clang | 7.3.2 | 19.95 | 371.78 | 391.73 | OK | |
r-devel-linux-x86_64-debian-gcc | 7.3.2 | 13.97 | 237.67 | 251.64 | OK | |
r-devel-linux-x86_64-fedora-clang | 7.3.2 | 345.60 | OK | |||
r-devel-linux-x86_64-fedora-gcc | 7.3.2 | 338.08 | OK | |||
r-devel-windows-x86_64 | 7.3.2 | 26.00 | 410.00 | 436.00 | OK | |
r-patched-linux-x86_64 | 7.3.2 | 21.94 | 345.02 | 366.96 | OK | |
r-release-linux-x86_64 | 7.3.2 | 18.14 | 347.25 | 365.39 | OK | |
r-release-macos-arm64 | 7.3.2 | 176.00 | NOTE | |||
r-release-macos-x86_64 | 7.3.2 | 529.00 | NOTE | |||
r-release-windows-x86_64 | 7.3.2 | 34.00 | 428.00 | 462.00 | OK | |
r-oldrel-macos-arm64 | 7.3.2 | 228.00 | NOTE | |||
r-oldrel-macos-x86_64 | 7.3.2 | 512.00 | NOTE | |||
r-oldrel-windows-x86_64 | 7.3.2 | 33.00 | 500.00 | 533.00 | OK |
Version: 7.3.2
Check: package dependencies
Result: NOTE
Package suggested but not available for checking: ‘Rmpi’
Flavors: r-release-macos-arm64, r-release-macos-x86_64, r-oldrel-macos-arm64, r-oldrel-macos-x86_64