CRAN Package Check Results for Package HadamardR

Last updated on 2025-05-16 18:50:16 CEST.

Flavor Version Tinstall Tcheck Ttotal Status Flags
r-devel-linux-x86_64-debian-clang 1.0.0 4.36 30.32 34.68 OK
r-devel-linux-x86_64-debian-gcc 1.0.0 2.92 22.44 25.36 OK
r-devel-linux-x86_64-fedora-clang 1.0.0 52.35 OK
r-devel-linux-x86_64-fedora-gcc 1.0.0 49.83 OK
r-devel-windows-x86_64 1.0.0 5.00 60.00 65.00 OK
r-patched-linux-x86_64 1.0.0 4.98 28.41 33.39 OK
r-release-linux-x86_64 1.0.0 3.68 28.61 32.29 OK
r-release-macos-arm64 1.0.0 18.00 OK
r-release-macos-x86_64 1.0.0 34.00 OK
r-release-windows-x86_64 1.0.0 5.00 59.00 64.00 OK
r-oldrel-macos-arm64 1.0.0 17.00 NOTE
r-oldrel-macos-x86_64 1.0.0 29.00 NOTE
r-oldrel-windows-x86_64 1.0.0 6.00 65.00 71.00 NOTE

Check Details

Version: 1.0.0
Check: LazyData
Result: NOTE 'LazyData' is specified without a 'data' directory Flavors: r-oldrel-macos-arm64, r-oldrel-macos-x86_64, r-oldrel-windows-x86_64