Last updated on 2024-06-29 11:49:14 CEST.
Flavor | Version | Tinstall | Tcheck | Ttotal | Status | Flags |
---|---|---|---|---|---|---|
r-devel-linux-x86_64-debian-clang | 1.2.2 | 10.47 | 172.00 | 182.47 | OK | |
r-devel-linux-x86_64-debian-gcc | 1.2.2 | 7.32 | 129.64 | 136.96 | OK | |
r-devel-linux-x86_64-fedora-clang | 1.2.2 | 244.94 | NOTE | |||
r-devel-linux-x86_64-fedora-gcc | 1.2.2 | 233.75 | NOTE | |||
r-devel-windows-x86_64 | 1.2.2 | 11.00 | 127.00 | 138.00 | NOTE | |
r-patched-linux-x86_64 | 1.2.2 | 15.30 | 170.10 | 185.40 | OK | |
r-release-linux-x86_64 | 1.2.2 | 7.62 | 169.23 | 176.85 | OK | |
r-release-macos-arm64 | 1.2.2 | 68.00 | NOTE | |||
r-release-macos-x86_64 | 1.2.2 | 116.00 | NOTE | |||
r-release-windows-x86_64 | 1.2.2 | 11.00 | 144.00 | 155.00 | NOTE | |
r-oldrel-macos-arm64 | 1.2.2 | 70.00 | NOTE | |||
r-oldrel-macos-x86_64 | 1.2.2 | 119.00 | NOTE | |||
r-oldrel-windows-x86_64 | 1.2.2 | 13.00 | 159.00 | 172.00 | NOTE |
Version: 1.2.2
Check: installed package size
Result: NOTE
installed size is 8.2Mb
sub-directories of 1Mb or more:
HaDeX 4.1Mb
doc 4.0Mb
Flavors: r-devel-linux-x86_64-fedora-clang, r-devel-windows-x86_64, r-release-macos-arm64, r-release-macos-x86_64, r-release-windows-x86_64, r-oldrel-macos-arm64, r-oldrel-macos-x86_64, r-oldrel-windows-x86_64
Version: 1.2.2
Check: dependencies in R code
Result: NOTE
Namespaces in Imports field not imported from:
‘DT’ ‘gsubfn’ ‘stringr’
All declared Imports should be used.
Flavors: r-devel-linux-x86_64-fedora-clang, r-devel-linux-x86_64-fedora-gcc