Last updated on 2025-05-02 08:49:28 CEST.
Flavor | Version | Tinstall | Tcheck | Ttotal | Status | Flags |
---|---|---|---|---|---|---|
r-devel-linux-x86_64-debian-clang | 0.1.0 | 1.91 | 28.59 | 30.50 | OK | |
r-devel-linux-x86_64-debian-gcc | 0.1.0 | 1.64 | 21.03 | 22.67 | OK | |
r-devel-linux-x86_64-fedora-clang | 0.1.0 | 47.75 | OK | |||
r-devel-linux-x86_64-fedora-gcc | 0.1.0 | 45.72 | OK | |||
r-devel-windows-x86_64 | 0.1.0 | 4.00 | 48.00 | 52.00 | OK | |
r-patched-linux-x86_64 | 0.1.0 | 2.25 | 0.52 | 2.77 | FAIL | |
r-release-linux-x86_64 | OK | |||||
r-release-macos-arm64 | 0.1.0 | 20.00 | OK | |||
r-release-macos-x86_64 | 0.1.0 | 32.00 | OK | |||
r-release-windows-x86_64 | 0.1.0 | 4.00 | 53.00 | 57.00 | OK | |
r-oldrel-macos-arm64 | 0.1.0 | 19.00 | OK | |||
r-oldrel-macos-x86_64 | 0.1.0 | 26.00 | OK | |||
r-oldrel-windows-x86_64 | 0.1.0 | 4.00 | 53.00 | 57.00 | OK |
Version: 0.1.0
Check: package dependencies
Result: FAIL
Flavor: r-patched-linux-x86_64