Last updated on 2025-05-02 08:49:28 CEST.
Flavor | Version | Tinstall | Tcheck | Ttotal | Status | Flags |
---|---|---|---|---|---|---|
r-devel-linux-x86_64-debian-clang | 1.2 | 4.62 | 55.49 | 60.11 | NOTE | |
r-devel-linux-x86_64-debian-gcc | 1.2 | 3.61 | 36.91 | 40.52 | NOTE | |
r-devel-linux-x86_64-fedora-clang | 1.2 | 92.04 | OK | |||
r-devel-linux-x86_64-fedora-gcc | 1.2 | 86.52 | OK | |||
r-devel-windows-x86_64 | 1.2 | 7.00 | 81.00 | 88.00 | OK | |
r-patched-linux-x86_64 | 1.2 | 4.13 | 46.72 | 50.85 | OK | |
r-release-linux-x86_64 | OK | |||||
r-release-macos-arm64 | 1.2 | 45.00 | OK | |||
r-release-macos-x86_64 | 1.2 | 63.00 | OK | |||
r-release-windows-x86_64 | 1.2 | 9.00 | 81.00 | 90.00 | OK | |
r-oldrel-macos-arm64 | 1.2 | 37.00 | OK | |||
r-oldrel-macos-x86_64 | 1.2 | 51.00 | OK | |||
r-oldrel-windows-x86_64 | 1.2 | 7.00 | 83.00 | 90.00 | OK |
Version: 1.2
Check: CRAN incoming feasibility
Result: NOTE
Maintainer: ‘Wei Qian <weiqian@stat.umn.edu>’
No Authors@R field in DESCRIPTION.
Please add one, modifying
Authors@R: c(person(given = "Wei",
family = "Qian",
role = c("aut", "cre"),
email = "weiqian@stat.umn.edu"),
person(given = "Yi",
family = "Yang",
role = "aut",
email = "yiyang@umn.edu"),
person(given = "Hui",
family = "Zou",
role = "aut",
email = "hzou@stat.umn.edu"))
as necessary.
Flavors: r-devel-linux-x86_64-debian-clang, r-devel-linux-x86_64-debian-gcc
Version: 1.2
Check: examples
Result: NOTE
Examples with CPU (user + system) or elapsed time > 5s
user system elapsed
plot.cv.HDtweedie 7.697 0.004 9.869
coef.cv.HDtweedie 5.957 0.032 7.155
cv.HDtweedie 5.870 0.000 7.196
predict.cv.HDtweedie 5.860 0.008 7.338
Flavor: r-devel-linux-x86_64-debian-clang