Last updated on 2024-06-29 11:49:14 CEST.
Flavor | Version | Tinstall | Tcheck | Ttotal | Status | Flags |
---|---|---|---|---|---|---|
r-devel-linux-x86_64-debian-clang | 1.0.3 | 179.82 | 52.62 | 232.44 | OK | |
r-devel-linux-x86_64-debian-gcc | 1.0.3 | 133.31 | 49.84 | 183.15 | OK | |
r-devel-linux-x86_64-fedora-clang | 1.0.3 | 299.20 | OK | |||
r-devel-linux-x86_64-fedora-gcc | 1.0.3 | 362.72 | OK | |||
r-devel-windows-x86_64 | 1.0.3 | 128.00 | 84.00 | 212.00 | OK | |
r-patched-linux-x86_64 | 1.0.3 | 152.96 | 62.30 | 215.26 | OK | |
r-release-linux-x86_64 | 1.0.3 | 157.55 | 64.14 | 221.69 | OK | |
r-release-macos-arm64 | 1.0.3 | 71.00 | NOTE | |||
r-release-macos-x86_64 | 1.0.3 | 145.00 | NOTE | |||
r-release-windows-x86_64 | 1.0.3 | 126.00 | 86.00 | 212.00 | OK | |
r-oldrel-macos-arm64 | 1.0.3 | 73.00 | NOTE | |||
r-oldrel-macos-x86_64 | 1.0.3 | 159.00 | NOTE | |||
r-oldrel-windows-x86_64 | 1.0.3 | 161.00 | 100.00 | 261.00 | OK |
Version: 1.0.3
Check: installed package size
Result: NOTE
installed size is 33.8Mb
sub-directories of 1Mb or more:
libs 33.6Mb
Flavors: r-release-macos-arm64, r-release-macos-x86_64, r-oldrel-macos-arm64, r-oldrel-macos-x86_64