Last updated on 2024-07-02 01:57:10 CEST.
Flavor | Version | Tinstall | Tcheck | Ttotal | Status | Flags |
---|---|---|---|---|---|---|
r-devel-linux-x86_64-debian-clang | 1.0.6-1 | 33.90 | 57.93 | 91.83 | NOTE | |
r-devel-linux-x86_64-debian-gcc | 1.0.6-1 | 25.42 | 43.95 | 69.37 | NOTE | |
r-devel-linux-x86_64-fedora-clang | 1.0.6-1 | 127.83 | NOTE | |||
r-devel-linux-x86_64-fedora-gcc | 1.0.6-1 | 122.23 | NOTE | |||
r-devel-windows-x86_64 | 1.0.6-1 | 32.00 | 88.00 | 120.00 | NOTE | |
r-patched-linux-x86_64 | 1.0.6-1 | 24.56 | 56.55 | 81.11 | NOTE | |
r-release-linux-x86_64 | 1.0.6-1 | 29.48 | 55.04 | 84.52 | NOTE | |
r-release-macos-arm64 | 1.0.6-1 | 41.00 | NOTE | |||
r-release-macos-x86_64 | 1.0.6-1 | 51.00 | NOTE | |||
r-release-windows-x86_64 | 1.0.6-1 | 30.00 | 87.00 | 117.00 | NOTE | |
r-oldrel-macos-arm64 | 1.0.6-1 | 40.00 | NOTE | |||
r-oldrel-macos-x86_64 | 1.0.6-1 | 60.00 | NOTE | |||
r-oldrel-windows-x86_64 | 1.0.6-1 | 37.00 | 100.00 | 137.00 | NOTE |
Version: 1.0.6-1
Check: C++ specification
Result: NOTE
Specified C++11: please drop specification unless essential
Flavors: r-devel-linux-x86_64-debian-clang, r-devel-linux-x86_64-debian-gcc, r-devel-linux-x86_64-fedora-clang, r-devel-linux-x86_64-fedora-gcc, r-devel-windows-x86_64, r-patched-linux-x86_64, r-release-linux-x86_64, r-release-macos-arm64, r-release-macos-x86_64, r-release-windows-x86_64, r-oldrel-macos-arm64, r-oldrel-macos-x86_64, r-oldrel-windows-x86_64
Version: 1.0.6-1
Check: installed package size
Result: NOTE
installed size is 5.3Mb
sub-directories of 1Mb or more:
shiny 4.3Mb
Flavors: r-devel-windows-x86_64, r-release-macos-arm64, r-release-macos-x86_64, r-release-windows-x86_64, r-oldrel-macos-arm64, r-oldrel-macos-x86_64, r-oldrel-windows-x86_64