CRAN Package Check Results for Package GomoGomonoMi

Last updated on 2025-02-21 19:50:27 CET.

Flavor Version Tinstall Tcheck Ttotal Status Flags
r-devel-linux-x86_64-debian-clang 0.1.0 1.27 15.76 17.03 OK
r-devel-linux-x86_64-debian-gcc 0.1.0 1.20 13.42 14.62 OK
r-devel-linux-x86_64-fedora-clang 0.1.0 29.14 OK
r-devel-linux-x86_64-fedora-gcc 0.1.0 27.18 OK
r-devel-macos-arm64 0.1.0 14.00 OK
r-devel-macos-x86_64 0.1.0 25.00 OK
r-devel-windows-x86_64 0.1.0 3.00 38.00 41.00 OK
r-patched-linux-x86_64 0.1.0 1.78 15.41 17.19 NOTE
r-release-linux-x86_64 0.1.0 1.58 15.11 16.69 NOTE
r-release-macos-arm64 0.1.0 14.00 NOTE
r-release-macos-x86_64 0.1.0 19.00 NOTE
r-release-windows-x86_64 0.1.0 3.00 38.00 41.00 NOTE
r-oldrel-macos-arm64 0.1.0 15.00 NOTE
r-oldrel-macos-x86_64 0.1.0 19.00 NOTE
r-oldrel-windows-x86_64 0.1.0 3.00 37.00 40.00 NOTE

Check Details

Version: 0.1.0
Check: LazyData
Result: NOTE 'LazyData' is specified without a 'data' directory Flavors: r-patched-linux-x86_64, r-release-linux-x86_64, r-release-macos-arm64, r-release-macos-x86_64, r-release-windows-x86_64, r-oldrel-macos-arm64, r-oldrel-macos-x86_64, r-oldrel-windows-x86_64