Last updated on 2025-04-30 19:50:02 CEST.
Flavor | Version | Tinstall | Tcheck | Ttotal | Status | Flags |
---|---|---|---|---|---|---|
r-devel-linux-x86_64-debian-clang | 0.8 | 2.55 | 26.66 | 29.21 | NOTE | |
r-devel-linux-x86_64-debian-gcc | 0.8 | 1.79 | 20.96 | 22.75 | NOTE | |
r-devel-linux-x86_64-fedora-clang | 0.8 | 46.77 | OK | |||
r-devel-linux-x86_64-fedora-gcc | 0.8 | 56.50 | OK | |||
r-devel-windows-x86_64 | 0.8 | 3.00 | 47.00 | 50.00 | OK | |
r-patched-linux-x86_64 | 0.8 | 2.34 | 25.14 | 27.48 | OK | |
r-release-linux-x86_64 | 0.8 | 2.05 | 25.32 | 27.37 | OK | |
r-release-macos-arm64 | 0.8 | 25.00 | OK | |||
r-release-macos-x86_64 | 0.8 | 41.00 | OK | |||
r-release-windows-x86_64 | 0.8 | 3.00 | 50.00 | 53.00 | OK | |
r-oldrel-macos-arm64 | 0.8 | 24.00 | OK | |||
r-oldrel-macos-x86_64 | 0.8 | 36.00 | OK | |||
r-oldrel-windows-x86_64 | 0.8 | 4.00 | 53.00 | 57.00 | OK |
Version: 0.8
Check: CRAN incoming feasibility
Result: NOTE
Maintainer: ‘Ryan C. Graebner <ryan.graebner@gmail.com>’
No Authors@R field in DESCRIPTION.
Please add one, modifying
Authors@R: c(person(given = c("Ryan", "C."),
family = "Graebner",
role = c("aut", "cre"),
email = "ryan.graebner@gmail.com"),
person(given = "Alfonso",
family = "Cuesta-Marcos",
role = "aut"))
as necessary.
Flavors: r-devel-linux-x86_64-debian-clang, r-devel-linux-x86_64-debian-gcc