Last updated on 2024-06-29 11:49:13 CEST.
Flavor | Version | Tinstall | Tcheck | Ttotal | Status | Flags |
---|---|---|---|---|---|---|
r-devel-linux-x86_64-debian-clang | 1.0.1 | 13.05 | 257.10 | 270.15 | OK | |
r-devel-linux-x86_64-debian-gcc | 1.0.1 | 11.04 | 192.06 | 203.10 | OK | |
r-devel-linux-x86_64-fedora-clang | 1.0.1 | 321.51 | NOTE | |||
r-devel-linux-x86_64-fedora-gcc | 1.0.1 | 339.70 | OK | |||
r-devel-windows-x86_64 | 1.0.1 | 29.00 | 194.00 | 223.00 | OK | |
r-patched-linux-x86_64 | 1.0.1 | 11.12 | 241.73 | 252.85 | OK | |
r-release-linux-x86_64 | 1.0.1 | 8.96 | 245.06 | 254.02 | OK | |
r-release-macos-arm64 | 1.0.1 | 104.00 | OK | |||
r-release-macos-x86_64 | 1.0.1 | 158.00 | OK | |||
r-release-windows-x86_64 | 1.0.1 | 28.00 | 201.00 | 229.00 | OK | |
r-oldrel-macos-arm64 | 1.0.1 | 117.00 | NOTE | |||
r-oldrel-macos-x86_64 | 1.0.1 | 315.00 | NOTE | |||
r-oldrel-windows-x86_64 | 1.0.1 | 39.00 | 258.00 | 297.00 | OK |
Version: 1.0.1
Check: package dependencies
Result: NOTE
Package which this enhances but not available for checking: ‘simplifyEnrichment’
Flavors: r-devel-linux-x86_64-fedora-clang, r-oldrel-macos-arm64, r-oldrel-macos-x86_64