Last updated on 2025-05-20 14:49:19 CEST.
Flavor | Version | Tinstall | Tcheck | Ttotal | Status | Flags |
---|---|---|---|---|---|---|
r-devel-linux-x86_64-debian-clang | 3.2.1 | 45.19 | 311.33 | 356.52 | NOTE | |
r-devel-linux-x86_64-debian-gcc | 3.2.1 | 30.73 | 201.41 | 232.14 | NOTE | |
r-devel-linux-x86_64-fedora-clang | 3.2.1 | 568.31 | OK | |||
r-devel-linux-x86_64-fedora-gcc | 3.2.1 | 544.64 | OK | |||
r-devel-windows-x86_64 | 3.2.1 | 43.00 | 231.00 | 274.00 | OK | |
r-patched-linux-x86_64 | 3.2.1 | 42.69 | 298.80 | 341.49 | OK | |
r-release-linux-x86_64 | 3.2.1 | 45.83 | 294.12 | 339.95 | OK | |
r-release-macos-arm64 | 3.2.1 | 131.00 | OK | |||
r-release-macos-x86_64 | 3.2.1 | 256.00 | OK | |||
r-release-windows-x86_64 | 3.2.1 | 41.00 | 228.00 | 269.00 | OK | |
r-oldrel-macos-arm64 | 3.2.1 | 112.00 | OK | |||
r-oldrel-macos-x86_64 | 3.2.1 | 199.00 | OK | |||
r-oldrel-windows-x86_64 | 3.2.1 | 56.00 | 331.00 | 387.00 | OK |
Version: 3.2.1
Check: CRAN incoming feasibility
Result: NOTE
Maintainer: ‘Wayne Jones <wayne.w.jones@shell.com>’
No Authors@R field in DESCRIPTION.
Please add one, modifying
Authors@R: c(person(given = "Wayne",
family = "Jones",
role = c("aut", "cre"),
email = "wayne.w.jones@shell.com"),
person(given = "Ludger",
family = "Evers",
role = "aut",
email = "ludger.evers@glasgow.ac.uk"),
person(given = "Andrej",
family = "Aderhold",
role = "aut",
email = "andrej.aderhold@protonmail.com"))
as necessary.
Flavors: r-devel-linux-x86_64-debian-clang, r-devel-linux-x86_64-debian-gcc