CRAN Package Check Results for Package GSelection

Last updated on 2025-04-30 13:54:16 CEST.

Flavor Version Tinstall Tcheck Ttotal Status Flags
r-devel-linux-x86_64-debian-clang 0.1.0 8.09 63.36 71.45 NOTE
r-devel-linux-x86_64-debian-gcc 0.1.0 5.23 46.26 51.49 NOTE
r-devel-linux-x86_64-fedora-clang 0.1.0 110.26 OK
r-devel-linux-x86_64-fedora-gcc 0.1.0 110.63 OK
r-devel-windows-x86_64 0.1.0 8.00 79.00 87.00 OK
r-patched-linux-x86_64 0.1.0 7.14 60.79 67.93 OK
r-release-linux-x86_64 0.1.0 6.82 60.60 67.42 OK
r-release-macos-arm64 0.1.0 36.00 OK
r-release-macos-x86_64 0.1.0 65.00 OK
r-release-windows-x86_64 0.1.0 8.00 77.00 85.00 OK
r-oldrel-macos-arm64 0.1.0 35.00 OK
r-oldrel-macos-x86_64 0.1.0 49.00 OK
r-oldrel-windows-x86_64 0.1.0 10.00 95.00 105.00 OK

Check Details

Version: 0.1.0
Check: CRAN incoming feasibility
Result: NOTE Maintainer: ‘Sayanti Guha Majumdar <sayanti23gm@gmail.com>’ No Authors@R field in DESCRIPTION. Please add one, modifying Authors@R: c(person(given = c("Sayanti", "Guha"), family = "Majumdar", role = c("aut", "cre"), email = "sayanti23gm@gmail.com"), person(given = "Anil", family = "Rai", role = "aut"), person(given = c("Dwijesh", "Chandra"), family = "Mishra", role = "aut")) as necessary. Flavors: r-devel-linux-x86_64-debian-clang, r-devel-linux-x86_64-debian-gcc