Last updated on 2024-07-22 20:55:43 CEST.
Flavor | Version | Tinstall | Tcheck | Ttotal | Status | Flags |
---|---|---|---|---|---|---|
r-devel-linux-x86_64-debian-clang | 0.1-7 | 53.12 | 247.76 | 300.88 | OK | |
r-devel-linux-x86_64-debian-gcc | 0.1-7 | 42.01 | 164.18 | 206.19 | NOTE | |
r-devel-linux-x86_64-fedora-clang | 0.1-7 | 432.18 | OK | |||
r-devel-linux-x86_64-fedora-gcc | 0.1-7 | 354.16 | OK | |||
r-devel-windows-x86_64 | 0.1-7 | 46.00 | 170.00 | 216.00 | NOTE | |
r-patched-linux-x86_64 | 0.1-7 | 56.52 | 217.89 | 274.41 | OK | |
r-release-linux-x86_64 | 0.1-7 | 36.07 | 220.81 | 256.88 | OK | |
r-release-macos-arm64 | 0.1-7 | 90.00 | OK | |||
r-release-macos-x86_64 | 0.1-7 | 127.00 | OK | |||
r-release-windows-x86_64 | 0.1-7 | 54.00 | 173.00 | 227.00 | OK | |
r-oldrel-macos-arm64 | 0.1-7 | 93.00 | OK | |||
r-oldrel-macos-x86_64 | 0.1-7 | 206.00 | OK | |||
r-oldrel-windows-x86_64 | 0.1-7 | 65.00 | 223.00 | 288.00 | OK |
Version: 0.1-7
Check: Rd cross-references
Result: NOTE
Found the following Rd file(s) with Rd \link{} targets missing package
anchors:
trait.posterior.Rd: pcubature
Please provide package anchors for all Rd \link{} targets not in the
package itself and the base packages.
Flavors: r-devel-linux-x86_64-debian-gcc, r-devel-windows-x86_64