Last updated on 2025-05-02 02:50:56 CEST.
Flavor | Version | Tinstall | Tcheck | Ttotal | Status | Flags |
---|---|---|---|---|---|---|
r-devel-linux-x86_64-debian-clang | 1.1.4 | 11.81 | 87.10 | 98.91 | NOTE | |
r-devel-linux-x86_64-debian-gcc | 1.1.4 | 6.94 | 60.29 | 67.23 | OK | |
r-devel-linux-x86_64-fedora-clang | 1.1.4 | 146.36 | OK | |||
r-devel-linux-x86_64-fedora-gcc | 1.1.4 | 139.83 | OK | |||
r-devel-windows-x86_64 | 1.1.4 | 13.00 | 109.00 | 122.00 | OK | |
r-patched-linux-x86_64 | 1.1.4 | 11.01 | 82.63 | 93.64 | OK | |
r-release-linux-x86_64 | OK | |||||
r-release-macos-arm64 | 1.1.4 | 40.00 | OK | |||
r-release-macos-x86_64 | 1.1.4 | 71.00 | OK | |||
r-release-windows-x86_64 | 1.1.4 | 13.00 | 109.00 | 122.00 | OK | |
r-oldrel-macos-arm64 | 1.1.4 | 34.00 | OK | |||
r-oldrel-macos-x86_64 | 1.1.4 | 55.00 | OK | |||
r-oldrel-windows-x86_64 | 1.1.4 | 16.00 | 129.00 | 145.00 | OK |
Version: 1.1.4
Check: examples
Result: NOTE
Examples with CPU (user + system) or elapsed time > 5s
user system elapsed
corbit_plot 9.091 0.218 11.509
Flavor: r-devel-linux-x86_64-debian-clang