Last updated on 2025-05-22 03:50:37 CEST.
Flavor | Version | Tinstall | Tcheck | Ttotal | Status | Flags |
---|---|---|---|---|---|---|
r-devel-linux-x86_64-debian-clang | 1.4.2 | 47.24 | 238.55 | 285.79 | OK | |
r-devel-linux-x86_64-debian-gcc | 1.4.2 | 36.28 | 202.87 | 239.15 | OK | |
r-devel-linux-x86_64-fedora-clang | 1.4.2 | 444.05 | OK | |||
r-devel-linux-x86_64-fedora-gcc | 1.4.2 | 493.93 | OK | |||
r-devel-windows-x86_64 | 1.4.2 | 65.00 | 335.00 | 400.00 | OK | |
r-patched-linux-x86_64 | 1.4.2 | 52.73 | 263.22 | 315.95 | OK | |
r-release-linux-x86_64 | 1.4.2 | 47.39 | 261.69 | 309.08 | OK | |
r-release-macos-arm64 | 1.4.2 | 208.00 | OK | |||
r-release-macos-x86_64 | 1.4.2 | 426.00 | OK | |||
r-release-windows-x86_64 | 1.4.2 | 65.00 | 351.00 | 416.00 | OK | |
r-oldrel-macos-arm64 | 1.4.2 | 175.00 | NOTE | |||
r-oldrel-macos-x86_64 | 1.4.2 | 396.00 | NOTE | |||
r-oldrel-windows-x86_64 | 1.4.2 | 77.00 | 386.00 | 463.00 | NOTE |
Version: 1.4.2
Check: package dependencies
Result: NOTE
Packages suggested but not available for checking:
'SeqArray', 'SeqVarTools'
Flavor: r-oldrel-macos-arm64
Version: 1.4.2
Check: installed package size
Result: NOTE
installed size is 7.6Mb
sub-directories of 1Mb or more:
libs 5.7Mb
Flavors: r-oldrel-macos-arm64, r-oldrel-macos-x86_64
Version: 1.4.2
Check: package dependencies
Result: NOTE
Package suggested but not available for checking: 'doMC'
Flavor: r-oldrel-windows-x86_64