Last updated on 2024-07-02 01:57:10 CEST.
Flavor | Version | Tinstall | Tcheck | Ttotal | Status | Flags |
---|---|---|---|---|---|---|
r-devel-linux-x86_64-debian-clang | 0.1 | 60.19 | 27.44 | 87.63 | OK | |
r-devel-linux-x86_64-debian-gcc | 0.1 | 41.69 | 21.45 | 63.14 | OK | |
r-devel-linux-x86_64-fedora-clang | 0.1 | 124.24 | OK | |||
r-devel-linux-x86_64-fedora-gcc | 0.1 | 125.19 | OK | |||
r-devel-windows-x86_64 | 0.1 | 45.00 | 62.00 | 107.00 | OK | |
r-patched-linux-x86_64 | 0.1 | 51.04 | 26.84 | 77.88 | OK | |
r-release-linux-x86_64 | 0.1 | 48.89 | 26.49 | 75.38 | OK | |
r-release-macos-arm64 | 0.1 | 29.00 | NOTE | |||
r-release-macos-x86_64 | 0.1 | 33.00 | NOTE | |||
r-release-windows-x86_64 | 0.1 | 45.00 | 57.00 | 102.00 | OK | |
r-oldrel-macos-arm64 | 0.1 | 35.00 | NOTE | |||
r-oldrel-macos-x86_64 | 0.1 | 52.00 | NOTE | |||
r-oldrel-windows-x86_64 | 0.1 | 56.00 | 69.00 | 125.00 | OK |
Version: 0.1
Check: installed package size
Result: NOTE
installed size is 7.4Mb
sub-directories of 1Mb or more:
libs 7.3Mb
Flavors: r-release-macos-arm64, r-release-macos-x86_64, r-oldrel-macos-arm64, r-oldrel-macos-x86_64