Last updated on 2024-06-29 11:49:13 CEST.
Flavor | Version | Tinstall | Tcheck | Ttotal | Status | Flags |
---|---|---|---|---|---|---|
r-devel-linux-x86_64-debian-clang | 1.5.5 | 7.03 | 51.26 | 58.29 | OK | |
r-devel-linux-x86_64-debian-gcc | 1.5.5 | 5.45 | 38.62 | 44.07 | OK | |
r-devel-linux-x86_64-fedora-clang | 1.5.5 | 77.24 | NOTE | |||
r-devel-linux-x86_64-fedora-gcc | 1.5.5 | 86.91 | OK | |||
r-devel-windows-x86_64 | 1.5.5 | 7.00 | 66.00 | 73.00 | OK | |
r-patched-linux-x86_64 | 1.5.5 | 6.91 | 48.69 | 55.60 | OK | |
r-release-linux-x86_64 | 1.5.5 | 5.57 | 50.72 | 56.29 | OK | |
r-release-macos-arm64 | 1.5.5 | 30.00 | OK | |||
r-release-macos-x86_64 | 1.5.5 | 47.00 | OK | |||
r-release-windows-x86_64 | 1.5.5 | 7.00 | 66.00 | 73.00 | OK | |
r-oldrel-macos-arm64 | 1.5.5 | 42.00 | OK | |||
r-oldrel-macos-x86_64 | 1.5.5 | 78.00 | OK | |||
r-oldrel-windows-x86_64 | 1.5.5 | 9.00 | 72.00 | 81.00 | OK |
Version: 1.5.5
Check: Rd cross-references
Result: NOTE
Undeclared package ‘mmap’ in Rd xrefs
Flavor: r-devel-linux-x86_64-fedora-clang