Last updated on 2024-06-29 11:49:13 CEST.
Flavor | Version | Tinstall | Tcheck | Ttotal | Status | Flags |
---|---|---|---|---|---|---|
r-devel-linux-x86_64-debian-clang | 0.3.4 | 520.86 | 89.33 | 610.19 | OK | |
r-devel-linux-x86_64-debian-gcc | 0.3.4 | 327.41 | 63.09 | 390.50 | OK | |
r-devel-linux-x86_64-fedora-clang | 0.3.4 | 904.96 | OK | |||
r-devel-linux-x86_64-fedora-gcc | 0.3.4 | 885.79 | OK | |||
r-devel-windows-x86_64 | 0.3.4 | 382.00 | 112.00 | 494.00 | OK | |
r-patched-linux-x86_64 | 0.3.4 | 385.16 | 86.57 | 471.73 | OK | |
r-release-linux-x86_64 | 0.3.4 | 397.14 | 84.94 | 482.08 | OK | |
r-release-macos-arm64 | 0.3.4 | 129.00 | NOTE | |||
r-release-macos-x86_64 | 0.3.4 | 125.00 | NOTE | |||
r-release-windows-x86_64 | 0.3.4 | 375.00 | 112.00 | 487.00 | OK | |
r-oldrel-macos-arm64 | 0.3.4 | 167.00 | NOTE | |||
r-oldrel-macos-x86_64 | 0.3.4 | 311.00 | NOTE | |||
r-oldrel-windows-x86_64 | 0.3.4 | 463.00 | 135.00 | 598.00 | OK |
Version: 0.3.4
Check: installed package size
Result: NOTE
installed size is 11.6Mb
sub-directories of 1Mb or more:
data 1.4Mb
libs 9.6Mb
Flavors: r-release-macos-arm64, r-release-macos-x86_64, r-oldrel-macos-arm64, r-oldrel-macos-x86_64