Last updated on 2024-06-29 23:49:52 CEST.
Flavor | Version | Tinstall | Tcheck | Ttotal | Status | Flags |
---|---|---|---|---|---|---|
r-devel-linux-x86_64-debian-clang | 0.6.2 | 210.00 | 44.88 | 254.88 | OK | |
r-devel-linux-x86_64-debian-gcc | 0.6.2 | 161.76 | 47.94 | 209.70 | OK | |
r-devel-linux-x86_64-fedora-clang | 0.6.2 | 318.64 | OK | |||
r-devel-linux-x86_64-fedora-gcc | 0.6.2 | 423.15 | OK | |||
r-devel-windows-x86_64 | 0.6.2 | 144.00 | 91.00 | 235.00 | OK | |
r-patched-linux-x86_64 | 0.6.2 | 193.01 | 60.39 | 253.40 | OK | |
r-release-linux-x86_64 | 0.6.2 | 207.38 | 62.28 | 269.66 | OK | |
r-release-macos-arm64 | 0.6.2 | 84.00 | NOTE | |||
r-release-macos-x86_64 | 0.6.2 | 76.00 | NOTE | |||
r-release-windows-x86_64 | 0.6.2 | 147.00 | 86.00 | 233.00 | OK | |
r-oldrel-macos-arm64 | 0.6.2 | 77.00 | NOTE | |||
r-oldrel-macos-x86_64 | 0.6.2 | 101.00 | NOTE | |||
r-oldrel-windows-x86_64 | 0.6.2 | 177.00 | 106.00 | 283.00 | OK |
Version: 0.6.2
Check: installed package size
Result: NOTE
installed size is 55.0Mb
sub-directories of 1Mb or more:
libs 54.8Mb
Flavors: r-release-macos-arm64, r-release-macos-x86_64, r-oldrel-macos-arm64, r-oldrel-macos-x86_64