Last updated on 2024-07-02 01:57:09 CEST.
Flavor | Version | Tinstall | Tcheck | Ttotal | Status | Flags |
---|---|---|---|---|---|---|
r-devel-linux-x86_64-debian-clang | 1.0 | 11.19 | 83.18 | 94.37 | NOTE | |
r-devel-linux-x86_64-debian-gcc | 1.0 | 7.59 | 57.03 | 64.62 | NOTE | |
r-devel-linux-x86_64-fedora-clang | 1.0 | 109.23 | NOTE | |||
r-devel-linux-x86_64-fedora-gcc | 1.0 | 104.20 | NOTE | |||
r-devel-windows-x86_64 | 1.0 | 8.00 | 81.00 | 89.00 | NOTE | |
r-patched-linux-x86_64 | 1.0 | 10.36 | 79.00 | 89.36 | NOTE | |
r-release-linux-x86_64 | 1.0 | 8.75 | 76.68 | 85.43 | NOTE | |
r-release-macos-arm64 | 1.0 | 30.00 | OK | |||
r-release-macos-x86_64 | 1.0 | 50.00 | OK | |||
r-release-windows-x86_64 | 1.0 | 9.00 | 82.00 | 91.00 | NOTE | |
r-oldrel-macos-arm64 | 1.0 | 31.00 | OK | |||
r-oldrel-macos-x86_64 | 1.0 | 51.00 | OK | |||
r-oldrel-windows-x86_64 | 1.0 | 10.00 | 98.00 | 108.00 | OK |
Version: 1.0
Check: HTML version of manual
Result: NOTE
Found the following HTML validation problems:
FuzzyNumberList.html:76:1 (FuzzyNumberList.Rd:285): Warning: trimming empty <ul>
TrapezoidalFuzzyNumberList.html:118:1 (TrapezoidalFuzzyNumberList.Rd:572): Warning: trimming empty <ul>
Flavors: r-devel-linux-x86_64-debian-clang, r-devel-linux-x86_64-debian-gcc, r-devel-linux-x86_64-fedora-clang, r-devel-linux-x86_64-fedora-gcc, r-devel-windows-x86_64, r-patched-linux-x86_64, r-release-linux-x86_64, r-release-windows-x86_64