Last updated on 2024-06-29 23:49:52 CEST.
Flavor | Version | Tinstall | Tcheck | Ttotal | Status | Flags |
---|---|---|---|---|---|---|
r-devel-linux-x86_64-debian-clang | 1.0 | 19.65 | 154.60 | 174.25 | OK | |
r-devel-linux-x86_64-debian-gcc | 1.0 | 16.40 | 112.45 | 128.85 | OK | |
r-devel-linux-x86_64-fedora-clang | 1.0 | 214.84 | NOTE | |||
r-devel-linux-x86_64-fedora-gcc | 1.0 | 202.88 | NOTE | |||
r-devel-windows-x86_64 | 1.0 | 19.00 | 120.00 | 139.00 | OK | |
r-patched-linux-x86_64 | 1.0 | 17.95 | 147.93 | 165.88 | OK | |
r-release-linux-x86_64 | 1.0 | 19.42 | 151.99 | 171.41 | OK | |
r-release-macos-arm64 | 1.0 | 58.00 | OK | |||
r-release-macos-x86_64 | 1.0 | 86.00 | OK | |||
r-release-windows-x86_64 | 1.0 | 18.00 | 130.00 | 148.00 | OK | |
r-oldrel-macos-arm64 | 1.0 | 66.00 | OK | |||
r-oldrel-macos-x86_64 | 1.0 | 107.00 | OK | |||
r-oldrel-windows-x86_64 | 1.0 | 24.00 | 153.00 | 177.00 | OK |
Version: 1.0
Check: dependencies in R code
Result: NOTE
Namespace in Imports field not imported from: ‘foreach’
All declared Imports should be used.
Flavors: r-devel-linux-x86_64-fedora-clang, r-devel-linux-x86_64-fedora-gcc