CRAN Package Check Results for Package FormShare

Last updated on 2025-04-30 01:50:20 CEST.

Flavor Version Tinstall Tcheck Ttotal Status Flags
r-devel-linux-x86_64-debian-clang 1.0.1 2.42 18.91 21.33 OK
r-devel-linux-x86_64-debian-gcc 1.0.1 1.86 15.53 17.39 OK
r-devel-linux-x86_64-fedora-clang 1.0.1 32.24 NOTE
r-devel-linux-x86_64-fedora-gcc 1.0.1 30.75 NOTE
r-devel-windows-x86_64 1.0.1 4.00 38.00 42.00 OK
r-patched-linux-x86_64 1.0.1 2.62 17.45 20.07 OK
r-release-linux-x86_64 1.0.1 2.45 17.33 19.78 OK
r-release-macos-arm64 1.0.1 22.00 OK
r-release-macos-x86_64 1.0.1 28.00 OK
r-release-windows-x86_64 1.0.1 4.00 41.00 45.00 OK
r-oldrel-macos-arm64 1.0.1 21.00 OK
r-oldrel-macos-x86_64 1.0.1 24.00 OK
r-oldrel-windows-x86_64 1.0.1 4.00 41.00 45.00 OK

Check Details

Version: 1.0.1
Check: dependencies in R code
Result: NOTE Namespaces in Imports field not imported from: ‘R6’ ‘httr’ ‘jsonlite’ All declared Imports should be used. Flavors: r-devel-linux-x86_64-fedora-clang, r-devel-linux-x86_64-fedora-gcc