Last updated on 2025-10-31 01:48:57 CET.
| Flavor | Version | Tinstall | Tcheck | Ttotal | Status | Flags | 
|---|---|---|---|---|---|---|
| r-devel-linux-x86_64-debian-clang | 1.20 | 12.99 | 134.90 | 147.89 | NOTE | |
| r-devel-linux-x86_64-debian-gcc | 1.20 | 8.07 | 95.32 | 103.39 | NOTE | |
| r-devel-linux-x86_64-fedora-clang | 1.20 | 31.00 | 194.34 | 225.34 | OK | |
| r-devel-linux-x86_64-fedora-gcc | 1.20 | 35.00 | 193.67 | 228.67 | OK | |
| r-devel-windows-x86_64 | 1.20 | 14.00 | 140.00 | 154.00 | OK | |
| r-patched-linux-x86_64 | 1.20 | 12.38 | 124.00 | 136.38 | OK | |
| r-release-linux-x86_64 | 1.20 | 12.54 | 124.81 | 137.35 | OK | |
| r-release-macos-arm64 | 1.20 | 6.00 | 60.00 | 66.00 | OK | |
| r-release-macos-x86_64 | 1.20 | 11.00 | 115.00 | 126.00 | OK | |
| r-release-windows-x86_64 | 1.20 | 15.00 | 147.00 | 162.00 | OK | |
| r-oldrel-macos-arm64 | 1.20 | 5.00 | 56.00 | 61.00 | OK | |
| r-oldrel-macos-x86_64 | 1.20 | 10.00 | 89.00 | 99.00 | OK | |
| r-oldrel-windows-x86_64 | 1.20 | 19.00 | 180.00 | 199.00 | OK | 
Version: 1.20
Check: CRAN incoming feasibility
Result: NOTE
  Maintainer: ‘Habil Zare <zare@u.washington.edu>’
  
  No Authors@R field in DESCRIPTION.
  Please add one, modifying
    Authors@R: person(given = "Habil",
                      family = "Zare",
                      role = c("aut", "cre"),
                      email = "zare@u.washington.edu")
  as necessary.
  
  Package CITATION file contains call(s) to old-style citEntry().  Please
  use bibentry() instead.
Flavors: r-devel-linux-x86_64-debian-clang, r-devel-linux-x86_64-debian-gcc