Last updated on 2025-04-30 13:54:14 CEST.
Flavor | Version | Tinstall | Tcheck | Ttotal | Status | Flags |
---|---|---|---|---|---|---|
r-devel-linux-x86_64-debian-clang | 0.1.1 | 2.05 | 51.80 | 53.85 | NOTE | |
r-devel-linux-x86_64-debian-gcc | 0.1.1 | 1.71 | 38.02 | 39.73 | NOTE | |
r-devel-linux-x86_64-fedora-clang | 0.1.1 | 89.54 | OK | |||
r-devel-linux-x86_64-fedora-gcc | 0.1.1 | 99.31 | OK | |||
r-devel-windows-x86_64 | 0.1.1 | 3.00 | 79.00 | 82.00 | OK | |
r-patched-linux-x86_64 | 0.1.1 | 2.16 | 49.56 | 51.72 | OK | |
r-release-linux-x86_64 | 0.1.1 | 2.20 | 48.86 | 51.06 | OK | |
r-release-macos-arm64 | 0.1.1 | 48.00 | OK | |||
r-release-macos-x86_64 | 0.1.1 | 66.00 | OK | |||
r-release-windows-x86_64 | 0.1.1 | 3.00 | 81.00 | 84.00 | OK | |
r-oldrel-macos-arm64 | 0.1.1 | 41.00 | OK | |||
r-oldrel-macos-x86_64 | 0.1.1 | 58.00 | OK | |||
r-oldrel-windows-x86_64 | 0.1.1 | 4.00 | 93.00 | 97.00 | OK |
Version: 0.1.1
Check: examples
Result: NOTE
Examples with CPU (user + system) or elapsed time > 5s
user system elapsed
cv.FastStepGraph 8.816 0.105 9.752
Flavor: r-devel-linux-x86_64-debian-clang
Version: 0.1.1
Check: examples
Result: NOTE
Examples with CPU (user + system) or elapsed time > 5s
user system elapsed
cv.FastStepGraph 5.533 0.004 6.304
Flavor: r-devel-linux-x86_64-debian-gcc