Last updated on 2024-06-29 11:49:12 CEST.
Flavor | Version | Tinstall | Tcheck | Ttotal | Status | Flags |
---|---|---|---|---|---|---|
r-devel-linux-x86_64-debian-clang | 1.5.1 | 10.73 | 83.53 | 94.26 | OK | |
r-devel-linux-x86_64-debian-gcc | 1.5.1 | 7.63 | 62.59 | 70.22 | OK | |
r-devel-linux-x86_64-fedora-clang | 1.5.1 | 114.92 | NOTE | |||
r-devel-linux-x86_64-fedora-gcc | 1.5.1 | 112.84 | OK | |||
r-devel-windows-x86_64 | 1.5.1 | 9.00 | 84.00 | 93.00 | OK | |
r-patched-linux-x86_64 | 1.5.1 | 8.23 | 80.95 | 89.18 | OK | |
r-release-linux-x86_64 | 1.5.1 | 9.00 | 83.16 | 92.16 | OK | |
r-release-macos-arm64 | 1.5.1 | 38.00 | OK | |||
r-release-macos-x86_64 | 1.5.1 | 58.00 | OK | |||
r-release-windows-x86_64 | 1.5.1 | 7.00 | 84.00 | 91.00 | OK | |
r-oldrel-macos-arm64 | 1.5.1 | 43.00 | OK | |||
r-oldrel-macos-x86_64 | 1.5.1 | 89.00 | OK | |||
r-oldrel-windows-x86_64 | 1.5.1 | 10.00 | 97.00 | 107.00 | OK |
Version: 1.5.1
Check: Rd cross-references
Result: NOTE
Undeclared packages ‘MLEcens’, ‘Icens’ in Rd xrefs
Flavor: r-devel-linux-x86_64-fedora-clang