Last updated on 2025-02-22 08:50:49 CET.
Flavor | Version | Tinstall | Tcheck | Ttotal | Status | Flags |
---|---|---|---|---|---|---|
r-devel-linux-x86_64-debian-clang | 1.3.4 | 14.30 | 157.22 | 171.52 | OK | |
r-devel-linux-x86_64-debian-gcc | 1.3.4 | 7.83 | 106.44 | 114.27 | OK | |
r-devel-linux-x86_64-fedora-clang | 1.3.4 | 283.88 | OK | |||
r-devel-linux-x86_64-fedora-gcc | 1.3.4 | 304.43 | OK | |||
r-devel-macos-arm64 | 1.3.4 | 80.00 | OK | |||
r-devel-macos-x86_64 | 1.3.4 | 171.00 | OK | |||
r-devel-windows-x86_64 | 1.3.4 | 17.00 | 180.00 | 197.00 | OK | |
r-patched-linux-x86_64 | 1.3.4 | 11.80 | 144.42 | 156.22 | OK | |
r-release-linux-x86_64 | 1.3.4 | 11.83 | 144.07 | 155.90 | OK | |
r-release-macos-arm64 | 1.3.4 | 75.00 | NOTE | |||
r-release-macos-x86_64 | 1.3.4 | 208.00 | NOTE | |||
r-release-windows-x86_64 | 1.3.4 | 17.00 | 184.00 | 201.00 | NOTE | |
r-oldrel-macos-arm64 | 1.3.4 | 95.00 | NOTE | |||
r-oldrel-macos-x86_64 | 1.3.4 | 196.00 | NOTE | |||
r-oldrel-windows-x86_64 | 1.3.4 | 21.00 | 244.00 | 265.00 | NOTE |
Version: 1.3.4
Check: installed package size
Result: NOTE
installed size is 6.9Mb
sub-directories of 1Mb or more:
data 2.4Mb
doc 3.9Mb
Flavors: r-release-macos-arm64, r-release-macos-x86_64, r-release-windows-x86_64, r-oldrel-macos-arm64, r-oldrel-macos-x86_64, r-oldrel-windows-x86_64