CRAN Package Check Results for Package FACTMLE

Last updated on 2025-04-29 01:49:32 CEST.

Flavor Version Tinstall Tcheck Ttotal Status Flags
r-devel-linux-x86_64-debian-clang 1.1 6.90 51.12 58.02 OK
r-devel-linux-x86_64-debian-gcc 1.1 4.32 39.36 43.68 NOTE
r-devel-linux-x86_64-fedora-clang 1.1 88.55 OK
r-devel-linux-x86_64-fedora-gcc 1.1 87.39 OK
r-devel-windows-x86_64 1.1 7.00 62.00 69.00 OK
r-patched-linux-x86_64 1.1 6.75 49.80 56.55 OK
r-release-linux-x86_64 1.1 6.01 49.36 55.37 OK
r-release-macos-arm64 1.1 34.00 OK
r-release-macos-x86_64 1.1 77.00 OK
r-release-windows-x86_64 1.1 7.00 65.00 72.00 OK
r-oldrel-macos-arm64 1.1 29.00 OK
r-oldrel-macos-x86_64 1.1 44.00 OK
r-oldrel-windows-x86_64 1.1 8.00 71.00 79.00 OK

Check Details

Version: 1.1
Check: CRAN incoming feasibility
Result: NOTE Maintainer: ‘Koulik Khamaru <koulik123@gmail.com>’ No Authors@R field in DESCRIPTION. Please add one, modifying Authors@R: c(person(given = "Koulik", family = "Khamaru", role = c("aut", "cre"), email = "koulik123@gmail.com"), person(given = "Rahul", family = "Mazumder", role = "aut", email = "rahul.mazumder@gmail.com")) as necessary. Flavor: r-devel-linux-x86_64-debian-gcc