Last updated on 2025-07-28 19:50:37 CEST.
Flavor | Version | Tinstall | Tcheck | Ttotal | Status | Flags |
---|---|---|---|---|---|---|
r-devel-linux-x86_64-debian-clang | 3.1.0 | 59.99 | 444.85 | 504.84 | OK | |
r-devel-linux-x86_64-debian-gcc | 3.1.0 | 39.05 | 278.16 | 317.21 | OK | |
r-devel-linux-x86_64-fedora-clang | 3.1.0 | 794.66 | OK | |||
r-devel-linux-x86_64-fedora-gcc | 3.1.0 | 757.73 | OK | |||
r-devel-windows-x86_64 | 3.1.0 | 69.00 | 522.00 | 591.00 | OK | |
r-patched-linux-x86_64 | 3.1.0 | 82.17 | 407.99 | 490.16 | OK | |
r-release-linux-x86_64 | 3.1.0 | 61.49 | 407.79 | 469.28 | OK | |
r-release-macos-arm64 | 3.1.0 | 161.00 | OK | |||
r-release-macos-x86_64 | 3.1.0 | 379.00 | OK | |||
r-release-windows-x86_64 | 3.1.0 | 64.00 | 521.00 | 585.00 | OK | |
r-oldrel-macos-arm64 | 3.1.0 | 161.00 | NOTE | |||
r-oldrel-macos-x86_64 | 3.1.0 | 365.00 | NOTE | |||
r-oldrel-windows-x86_64 | 3.1.0 | 92.00 | 628.00 | 720.00 | NOTE |
Version: 3.1.0
Check: installed package size
Result: NOTE
installed size is 7.6Mb
sub-directories of 1Mb or more:
R 3.1Mb
help 3.9Mb
Flavors: r-oldrel-macos-arm64, r-oldrel-macos-x86_64, r-oldrel-windows-x86_64