Last updated on 2024-07-02 01:57:07 CEST.
Flavor | Version | Tinstall | Tcheck | Ttotal | Status | Flags |
---|---|---|---|---|---|---|
r-devel-linux-x86_64-debian-clang | 1.3.0 | 658.88 | 32.04 | 690.92 | OK | |
r-devel-linux-x86_64-debian-gcc | 1.3.0 | 551.27 | 55.51 | 606.78 | OK | |
r-devel-linux-x86_64-fedora-clang | 1.3.0 | 824.55 | OK | |||
r-devel-linux-x86_64-fedora-gcc | 1.3.0 | 1235.82 | OK | |||
r-devel-windows-x86_64 | 1.3.0 | 466.00 | 97.00 | 563.00 | OK | |
r-patched-linux-x86_64 | 1.3.0 | 626.92 | 69.18 | 696.10 | OK | |
r-release-linux-x86_64 | 1.3.0 | 639.10 | 68.77 | 707.87 | OK | |
r-release-macos-arm64 | 1.3.0 | 223.00 | NOTE | |||
r-release-macos-x86_64 | 1.3.0 | 155.00 | NOTE | |||
r-release-windows-x86_64 | 1.3.0 | 469.00 | 99.00 | 568.00 | OK | |
r-oldrel-macos-arm64 | 1.3.0 | 211.00 | NOTE | |||
r-oldrel-macos-x86_64 | 1.3.0 | 228.00 | NOTE | |||
r-oldrel-windows-x86_64 | 1.3.0 | 602.00 | 122.00 | 724.00 | OK |
Version: 1.3.0
Check: installed package size
Result: NOTE
installed size is 162.9Mb
sub-directories of 1Mb or more:
libs 162.8Mb
Flavors: r-release-macos-arm64, r-release-macos-x86_64, r-oldrel-macos-arm64, r-oldrel-macos-x86_64