Last updated on 2025-05-09 10:49:26 CEST.
Flavor | Version | Tinstall | Tcheck | Ttotal | Status | Flags |
---|---|---|---|---|---|---|
r-devel-linux-x86_64-debian-clang | 0.1-3 | 3.43 | 33.92 | 37.35 | NOTE | |
r-devel-linux-x86_64-debian-gcc | 0.1-3 | 2.99 | 25.28 | 28.27 | NOTE | |
r-devel-linux-x86_64-fedora-clang | 0.1-3 | 59.53 | OK | |||
r-devel-linux-x86_64-fedora-gcc | 0.1-3 | 55.45 | OK | |||
r-devel-windows-x86_64 | 0.1-3 | 5.00 | 51.00 | 56.00 | OK | |
r-patched-linux-x86_64 | 0.1-3 | 3.23 | 32.15 | 35.38 | OK | |
r-release-linux-x86_64 | 0.1-3 | 3.44 | 32.08 | 35.52 | OK | |
r-release-macos-arm64 | 0.1-3 | 22.00 | OK | |||
r-release-macos-x86_64 | 0.1-3 | 35.00 | OK | |||
r-release-windows-x86_64 | 0.1-3 | 5.00 | 55.00 | 60.00 | OK | |
r-oldrel-macos-arm64 | 0.1-3 | 20.00 | OK | |||
r-oldrel-macos-x86_64 | 0.1-3 | 30.00 | OK | |||
r-oldrel-windows-x86_64 | 0.1-3 | 5.00 | 59.00 | 64.00 | OK |
Version: 0.1-3
Check: CRAN incoming feasibility
Result: NOTE
Maintainer: ‘Gunther Schauberger <gunther.schauberger@tum.de>’
No Authors@R field in DESCRIPTION.
Please add one, modifying
Authors@R: person(given = "Gunther",
family = "Schauberger",
role = c("aut", "cre"),
email = "gunther.schauberger@tum.de")
as necessary.
Flavors: r-devel-linux-x86_64-debian-clang, r-devel-linux-x86_64-debian-gcc