Last updated on 2024-06-29 11:49:11 CEST.
Flavor | Version | Tinstall | Tcheck | Ttotal | Status | Flags |
---|---|---|---|---|---|---|
r-devel-linux-x86_64-debian-clang | 2.0.4 | 36.22 | 632.25 | 668.47 | OK | |
r-devel-linux-x86_64-debian-gcc | 2.0.4 | 30.55 | 441.68 | 472.23 | OK | |
r-devel-linux-x86_64-fedora-clang | 2.0.4 | 826.67 | NOTE | |||
r-devel-linux-x86_64-fedora-gcc | 2.0.4 | 848.52 | NOTE | |||
r-devel-windows-x86_64 | 2.0.4 | 31.00 | 437.00 | 468.00 | OK | |
r-patched-linux-x86_64 | 2.0.4 | 32.36 | 597.10 | 629.46 | OK | |
r-release-linux-x86_64 | 2.0.4 | 25.63 | 610.25 | 635.88 | OK | |
r-release-macos-arm64 | 2.0.4 | 164.00 | OK | |||
r-release-macos-x86_64 | 2.0.4 | 312.00 | OK | |||
r-release-windows-x86_64 | 2.0.4 | 32.00 | 446.00 | 478.00 | OK | |
r-oldrel-macos-arm64 | 2.0.4 | 195.00 | OK | |||
r-oldrel-macos-x86_64 | 2.0.4 | 367.00 | OK | |||
r-oldrel-windows-x86_64 | 2.0.4 | 44.00 | 533.00 | 577.00 | OK |
Version: 2.0.4
Check: data for non-ASCII characters
Result: NOTE
Note: found 2 marked UTF-8 strings
Flavors: r-devel-linux-x86_64-fedora-clang, r-devel-linux-x86_64-fedora-gcc