Last updated on 2025-05-08 16:54:18 CEST.
Flavor | Version | Tinstall | Tcheck | Ttotal | Status | Flags |
---|---|---|---|---|---|---|
r-devel-linux-x86_64-debian-clang | 0.0.3 | 2.01 | 21.94 | 23.95 | NOTE | |
r-devel-linux-x86_64-debian-gcc | 0.0.3 | 1.56 | 17.39 | 18.95 | NOTE | |
r-devel-linux-x86_64-fedora-clang | 0.0.3 | 37.62 | NOTE | |||
r-devel-linux-x86_64-fedora-gcc | 0.0.3 | 36.01 | NOTE | |||
r-devel-windows-x86_64 | 0.0.3 | 2.00 | 48.00 | 50.00 | NOTE | |
r-patched-linux-x86_64 | 0.0.3 | 1.79 | 20.74 | 22.53 | NOTE | |
r-release-linux-x86_64 | 0.0.3 | 1.85 | 20.95 | 22.80 | NOTE | |
r-release-macos-arm64 | 0.0.3 | 19.00 | NOTE | |||
r-release-macos-x86_64 | 0.0.3 | 27.00 | NOTE | |||
r-release-windows-x86_64 | 0.0.3 | 3.00 | 48.00 | 51.00 | NOTE | |
r-oldrel-macos-arm64 | 0.0.3 | 17.00 | NOTE | |||
r-oldrel-macos-x86_64 | 0.0.3 | 25.00 | NOTE | |||
r-oldrel-windows-x86_64 | 0.0.3 | 4.00 | 51.00 | 55.00 | NOTE |
Version: 0.0.3
Check: CRAN incoming feasibility
Result: NOTE
Maintainer: ‘Tim Lucas <timcdlucas@gmail.com>’
No Authors@R field in DESCRIPTION.
Please add one, modifying
Authors@R: c(person(given = "Anjali",
family = "Goswami",
role = "aut"),
person(given = "Tim",
family = "Lucas",
role = c("aut", "cre"),
email = "timcdlucas@gmail.com"),
person(given = "Prabu",
family = "Sivasubramaniam",
role = "aut"),
person(given = "John",
family = "Finarelli",
role = "aut"))
as necessary.
Flavors: r-devel-linux-x86_64-debian-clang, r-devel-linux-x86_64-debian-gcc
Version: 0.0.3
Check: Rd files
Result: NOTE
checkRd: (-1) macacaModels.Rd:9: Lost braces in \itemize; meant \describe ?
checkRd: (-1) macacaModels.Rd:10-11: Lost braces in \itemize; meant \describe ?
Flavors: r-devel-linux-x86_64-debian-clang, r-devel-linux-x86_64-debian-gcc, r-devel-linux-x86_64-fedora-clang, r-devel-linux-x86_64-fedora-gcc, r-devel-windows-x86_64, r-patched-linux-x86_64, r-release-linux-x86_64, r-release-macos-arm64, r-release-macos-x86_64, r-release-windows-x86_64, r-oldrel-macos-arm64, r-oldrel-macos-x86_64, r-oldrel-windows-x86_64