CRAN Package Check Results for Package EMMIXSSL

Last updated on 2025-04-30 01:50:18 CEST.

Flavor Version Tinstall Tcheck Ttotal Status Flags
r-devel-linux-x86_64-debian-clang 1.1.1 2.98 23.62 26.60 NOTE
r-devel-linux-x86_64-debian-gcc 1.1.1 2.03 19.06 21.09 NOTE
r-devel-linux-x86_64-fedora-clang 1.1.1 40.84 OK
r-devel-linux-x86_64-fedora-gcc 1.1.1 39.46 OK
r-devel-windows-x86_64 1.1.1 5.00 52.00 57.00 OK
r-patched-linux-x86_64 1.1.1 2.81 22.52 25.33 OK
r-release-linux-x86_64 1.1.1 2.80 22.60 25.40 OK
r-release-macos-arm64 1.1.1 18.00 OK
r-release-macos-x86_64 1.1.1 31.00 OK
r-release-windows-x86_64 1.1.1 5.00 49.00 54.00 OK
r-oldrel-macos-arm64 1.1.1 16.00 OK
r-oldrel-macos-x86_64 1.1.1 25.00 OK
r-oldrel-windows-x86_64 1.1.1 4.00 51.00 55.00 OK

Check Details

Version: 1.1.1
Check: CRAN incoming feasibility
Result: NOTE Maintainer: ‘Ziyang Lyu <ziyang.lyu@unsw.edu.au>’ No Authors@R field in DESCRIPTION. Please add one, modifying Authors@R: c(person(given = "Ziyang", family = "Lyu", role = c("aut", "cre"), email = "ziyang.lyu@unsw.edu.au"), person(given = "Daniel", family = "Ahfock", role = "aut"), person(given = c("Geoffrey", "J."), family = "McLachlan", role = "aut")) as necessary. Flavors: r-devel-linux-x86_64-debian-clang, r-devel-linux-x86_64-debian-gcc