Last updated on 2025-04-30 19:50:00 CEST.
Flavor | Version | Tinstall | Tcheck | Ttotal | Status | Flags |
---|---|---|---|---|---|---|
r-devel-linux-x86_64-debian-clang | 0.1.1 | 1.80 | 25.72 | 27.52 | NOTE | |
r-devel-linux-x86_64-debian-gcc | 0.1.1 | 1.49 | 20.40 | 21.89 | OK | |
r-devel-linux-x86_64-fedora-clang | 0.1.1 | 44.23 | OK | |||
r-devel-linux-x86_64-fedora-gcc | 0.1.1 | 42.04 | OK | |||
r-devel-windows-x86_64 | 0.1.1 | 3.00 | 45.00 | 48.00 | OK | |
r-patched-linux-x86_64 | 0.1.1 | 1.84 | 25.02 | 26.86 | OK | |
r-release-linux-x86_64 | 0.1.1 | 1.74 | 24.56 | 26.30 | OK | |
r-release-macos-arm64 | 0.1.1 | 19.00 | OK | |||
r-release-macos-x86_64 | 0.1.1 | 28.00 | OK | |||
r-release-windows-x86_64 | 0.1.1 | 3.00 | 45.00 | 48.00 | OK | |
r-oldrel-macos-arm64 | 0.1.1 | 18.00 | OK | |||
r-oldrel-macos-x86_64 | 0.1.1 | 33.00 | OK | |||
r-oldrel-windows-x86_64 | 0.1.1 | 3.00 | 62.00 | 65.00 | OK |
Version: 0.1.1
Check: examples
Result: NOTE
Examples with CPU (user + system) or elapsed time > 5s
user system elapsed
ModelSel 6.016 0.095 7.836
Flavor: r-devel-linux-x86_64-debian-clang
Version: 0.1.1
Check: examples
Result: NA
user system elapsed
ModelSel 3.824 0.154 5.7
OK
Flavor: r-devel-linux-x86_64-debian-gcc