Last updated on 2024-06-29 11:49:11 CEST.
Flavor | Version | Tinstall | Tcheck | Ttotal | Status | Flags |
---|---|---|---|---|---|---|
r-devel-linux-x86_64-debian-clang | 0.0.3 | 16.03 | 62.24 | 78.27 | OK | |
r-devel-linux-x86_64-debian-gcc | 0.0.3 | 11.03 | 45.51 | 56.54 | OK | |
r-devel-linux-x86_64-fedora-clang | 0.0.3 | 93.88 | NOTE | |||
r-devel-linux-x86_64-fedora-gcc | 0.0.3 | 87.42 | NOTE | |||
r-devel-windows-x86_64 | 0.0.3 | 13.00 | 62.00 | 75.00 | OK | |
r-patched-linux-x86_64 | 0.0.3 | 21.50 | 58.27 | 79.77 | OK | |
r-release-linux-x86_64 | 0.0.3 | 10.57 | 60.88 | 71.45 | OK | |
r-release-macos-arm64 | 0.0.3 | 30.00 | OK | |||
r-release-macos-x86_64 | 0.0.3 | 43.00 | OK | |||
r-release-windows-x86_64 | 0.0.3 | 13.00 | 64.00 | 77.00 | OK | |
r-oldrel-macos-arm64 | 0.0.3 | 40.00 | OK | |||
r-oldrel-macos-x86_64 | 0.0.3 | 63.00 | OK | |||
r-oldrel-windows-x86_64 | 0.0.3 | 16.00 | 74.00 | 90.00 | OK |
Version: 0.0.3
Check: data for non-ASCII characters
Result: NOTE
Note: found 136358 marked UTF-8 strings
Flavors: r-devel-linux-x86_64-fedora-clang, r-devel-linux-x86_64-fedora-gcc