Last updated on 2024-07-02 19:48:10 CEST.
Flavor | Version | Tinstall | Tcheck | Ttotal | Status | Flags |
---|---|---|---|---|---|---|
r-devel-linux-x86_64-debian-clang | 0.4.0.1 | 42.85 | 42.50 | 85.35 | NOTE | |
r-devel-linux-x86_64-debian-gcc | 0.4.0.1 | 33.29 | 52.44 | 85.73 | NOTE | |
r-devel-linux-x86_64-fedora-clang | 0.4.0.1 | 132.99 | NOTE | |||
r-devel-linux-x86_64-fedora-gcc | 0.4.0.1 | 139.16 | NOTE | |||
r-devel-windows-x86_64 | 0.4.0.1 | 39.00 | 73.00 | 112.00 | NOTE | |
r-patched-linux-x86_64 | 0.4.0.1 | 39.01 | 56.52 | 95.53 | NOTE | |
r-release-linux-x86_64 | 0.4.0.1 | 40.62 | 55.82 | 96.44 | NOTE | |
r-release-macos-arm64 | 0.4.0.1 | 33.00 | NOTE | |||
r-release-macos-x86_64 | 0.4.0.1 | 41.00 | NOTE | |||
r-release-windows-x86_64 | 0.4.0.1 | 41.00 | 72.00 | 113.00 | NOTE | |
r-oldrel-macos-arm64 | 0.4.0.1 | 38.00 | NOTE | |||
r-oldrel-macos-x86_64 | 0.4.0.1 | 59.00 | NOTE | |||
r-oldrel-windows-x86_64 | 0.4.0.1 | 47.00 | 86.00 | 133.00 | NOTE |
Version: 0.4.0.1
Check: C++ specification
Result: NOTE
Specified C++11: please drop specification unless essential
Flavors: r-devel-linux-x86_64-debian-clang, r-devel-linux-x86_64-debian-gcc, r-devel-linux-x86_64-fedora-clang, r-devel-linux-x86_64-fedora-gcc, r-devel-windows-x86_64, r-patched-linux-x86_64, r-release-linux-x86_64, r-release-macos-arm64, r-release-macos-x86_64, r-release-windows-x86_64, r-oldrel-macos-arm64, r-oldrel-macos-x86_64, r-oldrel-windows-x86_64