Last updated on 2025-04-29 19:50:30 CEST.
Flavor | Version | Tinstall | Tcheck | Ttotal | Status | Flags |
---|---|---|---|---|---|---|
r-devel-linux-x86_64-debian-clang | 1.3-1 | 13.67 | 555.53 | 569.20 | NOTE | |
r-devel-linux-x86_64-debian-gcc | 1.3-1 | 8.21 | 367.55 | 375.76 | NOTE | |
r-devel-linux-x86_64-fedora-clang | 1.3-1 | 1012.59 | OK | |||
r-devel-linux-x86_64-fedora-gcc | 1.3-1 | 1012.98 | OK | |||
r-devel-windows-x86_64 | 1.3-1 | 16.00 | 556.00 | 572.00 | OK | |
r-patched-linux-x86_64 | 1.3-1 | 13.36 | 527.60 | 540.96 | OK | |
r-release-linux-x86_64 | 1.3-1 | 10.48 | 525.66 | 536.14 | OK | |
r-release-macos-arm64 | 1.3-1 | 325.00 | OK | |||
r-release-macos-x86_64 | 1.3-1 | 510.00 | OK | |||
r-release-windows-x86_64 | 1.3-1 | 17.00 | 574.00 | 591.00 | OK | |
r-oldrel-macos-arm64 | 1.3-1 | 250.00 | OK | |||
r-oldrel-macos-x86_64 | 1.3-1 | 452.00 | OK | |||
r-oldrel-windows-x86_64 | 1.3-1 | 20.00 | 743.00 | 763.00 | OK |
Version: 1.3-1
Check: examples
Result: NOTE
Examples with CPU (user + system) or elapsed time > 5s
user system elapsed
bMCTtest 5.081 0.102 6.995
Flavor: r-devel-linux-x86_64-debian-clang
Version: 1.3-1
Check: examples
Result: NOTE
Examples with CPU (user + system) or elapsed time > 5s
user system elapsed
bMCTtest 3.881 0.211 6.033
Flavor: r-devel-linux-x86_64-debian-gcc