Last updated on 2025-10-31 14:49:39 CET.
| Flavor | Version | Tinstall | Tcheck | Ttotal | Status | Flags | 
|---|---|---|---|---|---|---|
| r-devel-linux-x86_64-debian-clang | 0.2 | 1.95 | 23.89 | 25.84 | NOTE | |
| r-devel-linux-x86_64-debian-gcc | 0.2 | 1.45 | 18.36 | 19.81 | NOTE | |
| r-devel-linux-x86_64-fedora-clang | 0.2 | 38.43 | OK | |||
| r-devel-linux-x86_64-fedora-gcc | 0.2 | 36.23 | OK | |||
| r-devel-windows-x86_64 | 0.2 | 4.00 | 42.00 | 46.00 | OK | |
| r-patched-linux-x86_64 | 0.2 | 1.87 | 22.40 | 24.27 | OK | |
| r-release-linux-x86_64 | 0.2 | 1.33 | 22.42 | 23.75 | OK | |
| r-release-macos-arm64 | 0.2 | 1.00 | 17.00 | 18.00 | OK | |
| r-release-macos-x86_64 | 0.2 | 2.00 | 23.00 | 25.00 | OK | |
| r-release-windows-x86_64 | 0.2 | 4.00 | 43.00 | 47.00 | OK | |
| r-oldrel-macos-arm64 | 0.2 | 1.00 | 16.00 | 17.00 | NOTE | |
| r-oldrel-macos-x86_64 | 0.2 | 2.00 | 20.00 | 22.00 | NOTE | |
| r-oldrel-windows-x86_64 | 0.2 | 4.00 | 49.00 | 53.00 | NOTE | 
Version: 0.2
Check: CRAN incoming feasibility
Result: NOTE
  Maintainer: ‘Hasanthi A. Pathberiya <hasanthi@sjp.ac.lk>’
  
  No Authors@R field in DESCRIPTION.
  Please add one, modifying
    Authors@R: person(given = c("Hasanthi", "A."),
                      family = "Pathberiya",
                      role = c("aut", "cre"),
                      email = "hasanthi@sjp.ac.lk")
  as necessary.
Flavors: r-devel-linux-x86_64-debian-clang, r-devel-linux-x86_64-debian-gcc
Version: 0.2
Check: LazyData
Result: NOTE
    'LazyData' is specified without a 'data' directory
Flavors: r-oldrel-macos-arm64, r-oldrel-macos-x86_64, r-oldrel-windows-x86_64