Last updated on 2024-08-24 16:48:57 CEST.
Flavor | Version | Tinstall | Tcheck | Ttotal | Status | Flags |
---|---|---|---|---|---|---|
r-devel-linux-x86_64-debian-clang | 1.0.11 | 20.74 | 186.63 | 207.37 | OK | |
r-devel-linux-x86_64-debian-gcc | 1.0.11 | 12.44 | 117.70 | 130.14 | OK | |
r-devel-linux-x86_64-fedora-clang | 1.0.11 | 329.99 | NOTE | |||
r-devel-linux-x86_64-fedora-gcc | 1.0.11 | 313.23 | NOTE | |||
r-devel-windows-x86_64 | 1.0.11 | 20.00 | 249.00 | 269.00 | OK | |
r-patched-linux-x86_64 | 1.0.11 | 23.48 | 176.02 | 199.50 | OK | |
r-release-linux-x86_64 | 1.0.11 | 19.39 | 176.21 | 195.60 | OK | |
r-release-macos-arm64 | 1.0.11 | 88.00 | NOTE | |||
r-release-macos-x86_64 | 1.0.11 | 129.00 | OK | |||
r-release-windows-x86_64 | 1.0.11 | 23.00 | 245.00 | 268.00 | OK | |
r-oldrel-macos-arm64 | 1.0.11 | 96.00 | OK | |||
r-oldrel-macos-x86_64 | 1.0.11 | 181.00 | OK | |||
r-oldrel-windows-x86_64 | 1.0.11 | 27.00 | 324.00 | 351.00 | OK |
Version: 1.0.11
Check: data for non-ASCII characters
Result: NOTE
Note: found 1 marked UTF-8 string
Flavors: r-devel-linux-x86_64-fedora-clang, r-devel-linux-x86_64-fedora-gcc
Version: 1.0.11
Check: package dependencies
Result: NOTE
Package suggested but not available for checking: ‘testthat’
Flavor: r-release-macos-arm64