Last updated on 2025-04-30 13:54:12 CEST.
Flavor | Version | Tinstall | Tcheck | Ttotal | Status | Flags |
---|---|---|---|---|---|---|
r-devel-linux-x86_64-debian-clang | 1.2 | 26.65 | 226.44 | 253.09 | NOTE | |
r-devel-linux-x86_64-debian-gcc | 1.2 | 19.03 | 163.89 | 182.92 | NOTE | |
r-devel-linux-x86_64-fedora-clang | 1.2 | 405.51 | OK | |||
r-devel-linux-x86_64-fedora-gcc | 1.2 | 352.27 | OK | |||
r-devel-windows-x86_64 | 1.2 | 26.00 | 188.00 | 214.00 | OK | |
r-patched-linux-x86_64 | 1.2 | 21.81 | 208.58 | 230.39 | OK | |
r-release-linux-x86_64 | 1.2 | 24.95 | 210.50 | 235.45 | OK | |
r-release-macos-arm64 | 1.2 | 110.00 | OK | |||
r-release-macos-x86_64 | 1.2 | 210.00 | OK | |||
r-release-windows-x86_64 | 1.2 | 26.00 | 190.00 | 216.00 | OK | |
r-oldrel-macos-arm64 | 1.2 | 97.00 | OK | |||
r-oldrel-macos-x86_64 | 1.2 | 172.00 | OK | |||
r-oldrel-windows-x86_64 | 1.2 | 35.00 | 256.00 | 291.00 | OK |
Version: 1.2
Check: CRAN incoming feasibility
Result: NOTE
Maintainer: ‘Ryan C. Sartor <sartorry@gmail.com>’
No Authors@R field in DESCRIPTION.
Please add one, modifying
Authors@R: c(person(given = c("Ryan", "C."),
family = "Sartor",
role = c("aut", "cre"),
email = "sartorry@gmail.com"),
person(given = "Kathleen",
family = "Greenham",
role = "aut",
email = "greenham@umn.edu"))
as necessary.
Package CITATION file contains call(s) to old-style citEntry(). Please
use bibentry() instead.
Flavors: r-devel-linux-x86_64-debian-clang, r-devel-linux-x86_64-debian-gcc
Version: 1.2
Check: examples
Result: NOTE
Examples with CPU (user + system) or elapsed time > 5s
user system elapsed
ggPlotMultiDensities 4.056 0.188 5.148
Flavor: r-devel-linux-x86_64-debian-clang