Last updated on 2024-07-02 01:57:06 CEST.
Flavor | Version | Tinstall | Tcheck | Ttotal | Status | Flags |
---|---|---|---|---|---|---|
r-devel-linux-x86_64-debian-clang | 0.1.5 | 6.65 | 59.33 | 65.98 | NOTE | |
r-devel-linux-x86_64-debian-gcc | 0.1.5 | 5.45 | 45.30 | 50.75 | NOTE | |
r-devel-linux-x86_64-fedora-clang | 0.1.5 | 86.82 | NOTE | |||
r-devel-linux-x86_64-fedora-gcc | 0.1.5 | 94.17 | NOTE | |||
r-devel-windows-x86_64 | 0.1.5 | 7.00 | 69.00 | 76.00 | NOTE | |
r-patched-linux-x86_64 | 0.1.5 | 6.13 | 56.81 | 62.94 | NOTE | |
r-release-linux-x86_64 | 0.1.5 | 6.21 | 57.51 | 63.72 | NOTE | |
r-release-macos-arm64 | 0.1.5 | 43.00 | NOTE | |||
r-release-macos-x86_64 | 0.1.5 | 60.00 | NOTE | |||
r-release-windows-x86_64 | 0.1.5 | 8.00 | 70.00 | 78.00 | NOTE | |
r-oldrel-macos-arm64 | 0.1.5 | 46.00 | OK | |||
r-oldrel-macos-x86_64 | 0.1.5 | 60.00 | OK | |||
r-oldrel-windows-x86_64 | 0.1.5 | 8.00 | 79.00 | 87.00 | OK |
Version: 0.1.5
Check: Rd files
Result: NOTE
checkRd: (-1) data_edit.Rd:137: Lost braces
137 | code{data_edit} is a shiny application built on \code{rhandsontable} that is
| ^
Flavors: r-devel-linux-x86_64-debian-clang, r-devel-linux-x86_64-debian-gcc, r-devel-linux-x86_64-fedora-clang, r-devel-linux-x86_64-fedora-gcc, r-devel-windows-x86_64, r-patched-linux-x86_64, r-release-linux-x86_64, r-release-macos-arm64, r-release-macos-x86_64, r-release-windows-x86_64