Last updated on 2024-06-29 23:49:50 CEST.
Flavor | Version | Tinstall | Tcheck | Ttotal | Status | Flags |
---|---|---|---|---|---|---|
r-devel-linux-x86_64-debian-clang | 1.0.2 | 22.58 | 42.09 | 64.67 | NOTE | |
r-devel-linux-x86_64-debian-gcc | 1.0.2 | 15.05 | 30.74 | 45.79 | NOTE | |
r-devel-linux-x86_64-fedora-clang | 1.0.2 | 86.30 | NOTE | |||
r-devel-linux-x86_64-fedora-gcc | 1.0.2 | 80.99 | NOTE | |||
r-devel-windows-x86_64 | 1.0.2 | 20.00 | 61.00 | 81.00 | NOTE | |
r-patched-linux-x86_64 | 1.0.2 | 17.36 | 39.58 | 56.94 | NOTE | |
r-release-linux-x86_64 | 1.0.2 | 19.40 | 40.05 | 59.45 | NOTE | |
r-release-macos-arm64 | 1.0.2 | 25.00 | NOTE | |||
r-release-macos-x86_64 | 1.0.2 | 39.00 | NOTE | |||
r-release-windows-x86_64 | 1.0.2 | 20.00 | 64.00 | 84.00 | NOTE | |
r-oldrel-macos-arm64 | 1.0.2 | 29.00 | NOTE | |||
r-oldrel-macos-x86_64 | 1.0.2 | 41.00 | NOTE | |||
r-oldrel-windows-x86_64 | 1.0.2 | 25.00 | 78.00 | 103.00 | NOTE |
Version: 1.0.2
Check: Rd files
Result: NOTE
checkRd: (-1) DTDAcif.Rd:32: Lost braces in \itemize; \value handles \item{}{} directly
checkRd: (-1) DTDAcif.Rd:33: Lost braces in \itemize; \value handles \item{}{} directly
checkRd: (-1) DTDAcif.Rd:34: Lost braces in \itemize; \value handles \item{}{} directly
checkRd: (-1) DTDAcif.Rd:35: Lost braces in \itemize; \value handles \item{}{} directly
checkRd: (-1) DTDAcif.Rd:36: Lost braces in \itemize; \value handles \item{}{} directly
Flavors: r-devel-linux-x86_64-debian-clang, r-devel-linux-x86_64-debian-gcc, r-devel-linux-x86_64-fedora-clang, r-devel-linux-x86_64-fedora-gcc, r-devel-windows-x86_64, r-patched-linux-x86_64, r-release-linux-x86_64, r-release-macos-arm64, r-release-macos-x86_64, r-release-windows-x86_64
Version: 1.0.2
Check: LazyData
Result: NOTE
'LazyData' is specified without a 'data' directory
Flavors: r-devel-linux-x86_64-debian-clang, r-devel-linux-x86_64-debian-gcc, r-devel-linux-x86_64-fedora-clang, r-devel-linux-x86_64-fedora-gcc, r-devel-windows-x86_64, r-patched-linux-x86_64, r-release-linux-x86_64, r-release-macos-arm64, r-release-macos-x86_64, r-release-windows-x86_64, r-oldrel-macos-arm64, r-oldrel-macos-x86_64, r-oldrel-windows-x86_64