Last updated on 2024-06-29 11:49:11 CEST.
Flavor | Version | Tinstall | Tcheck | Ttotal | Status | Flags |
---|---|---|---|---|---|---|
r-devel-linux-x86_64-debian-clang | 2.0.0 | 2.86 | 39.13 | 41.99 | OK | |
r-devel-linux-x86_64-debian-gcc | 2.0.0 | 2.43 | 30.21 | 32.64 | OK | |
r-devel-linux-x86_64-fedora-clang | 2.0.0 | 54.03 | NOTE | |||
r-devel-linux-x86_64-fedora-gcc | 2.0.0 | 64.53 | NOTE | |||
r-devel-windows-x86_64 | 2.0.0 | 4.00 | 50.00 | 54.00 | OK | |
r-patched-linux-x86_64 | 2.0.0 | 2.56 | 36.32 | 38.88 | OK | |
r-release-linux-x86_64 | 2.0.0 | 2.94 | 37.24 | 40.18 | OK | |
r-release-macos-arm64 | 2.0.0 | 25.00 | OK | |||
r-release-macos-x86_64 | 2.0.0 | 37.00 | OK | |||
r-release-windows-x86_64 | 2.0.0 | 3.00 | 50.00 | 53.00 | OK | |
r-oldrel-macos-arm64 | 2.0.0 | 43.00 | OK | |||
r-oldrel-macos-x86_64 | 2.0.0 | 99.00 | OK | |||
r-oldrel-windows-x86_64 | 2.0.0 | 3.00 | 55.00 | 58.00 | OK |
Version: 2.0.0
Check: data for non-ASCII characters
Result: NOTE
Note: found 386 marked UTF-8 strings
Flavors: r-devel-linux-x86_64-fedora-clang, r-devel-linux-x86_64-fedora-gcc