CRAN Package Check Results for Package DNAtools

Last updated on 2025-04-30 01:50:17 CEST.

Flavor Version Tinstall Tcheck Ttotal Status Flags
r-devel-linux-x86_64-debian-clang 0.2-4 39.50 69.40 108.90 NOTE
r-devel-linux-x86_64-debian-gcc 0.2-4 29.19 51.63 80.82 NOTE
r-devel-linux-x86_64-fedora-clang 0.2-4 194.94 NOTE
r-devel-linux-x86_64-fedora-gcc 0.2-4 199.36 NOTE
r-devel-windows-x86_64 0.2-4 51.00 106.00 157.00 NOTE
r-patched-linux-x86_64 0.2-4 40.97 65.86 106.83 NOTE
r-release-linux-x86_64 0.2-4 43.13 64.96 108.09 NOTE
r-release-macos-arm64 0.2-4 64.00 NOTE
r-release-macos-x86_64 0.2-4 112.00 NOTE
r-release-windows-x86_64 0.2-4 45.00 108.00 153.00 NOTE
r-oldrel-macos-arm64 0.2-4 38.00 NOTE
r-oldrel-macos-x86_64 0.2-4 58.00 NOTE
r-oldrel-windows-x86_64 0.2-4 57.00 130.00 187.00 NOTE

Check Details

Version: 0.2-4
Check: CRAN incoming feasibility
Result: NOTE Maintainer: ‘Mikkel Meyer Andersen <mikl@math.aau.dk>’ Package CITATION file contains call(s) to old-style personList() or as.personList(). Please use c() on person objects instead. Package CITATION file contains call(s) to old-style citEntry(). Please use bibentry() instead. Flavors: r-devel-linux-x86_64-debian-clang, r-devel-linux-x86_64-debian-gcc

Version: 0.2-4
Check: C++ specification
Result: NOTE Specified C++11: please drop specification unless essential Flavors: r-devel-linux-x86_64-debian-clang, r-devel-linux-x86_64-debian-gcc, r-devel-linux-x86_64-fedora-clang, r-devel-linux-x86_64-fedora-gcc, r-devel-windows-x86_64, r-patched-linux-x86_64, r-release-linux-x86_64, r-release-macos-arm64, r-release-macos-x86_64, r-release-windows-x86_64, r-oldrel-macos-arm64, r-oldrel-macos-x86_64, r-oldrel-windows-x86_64

Version: 0.2-4
Check: for GNU extensions in Makefiles
Result: NOTE GNU make is a SystemRequirements. Flavors: r-oldrel-macos-arm64, r-oldrel-macos-x86_64, r-oldrel-windows-x86_64