Last updated on 2025-05-25 17:51:50 CEST.
Flavor | Version | Tinstall | Tcheck | Ttotal | Status | Flags |
---|---|---|---|---|---|---|
r-devel-linux-x86_64-debian-clang | 1.0.2 | 3.39 | 69.77 | 73.16 | NOTE | |
r-devel-linux-x86_64-debian-gcc | 1.0.2 | 1.99 | 47.23 | 49.22 | NOTE | |
r-devel-linux-x86_64-fedora-clang | 1.0.2 | 122.90 | OK | |||
r-devel-linux-x86_64-fedora-gcc | 1.0.2 | 132.97 | OK | |||
r-devel-windows-x86_64 | 1.0.2 | 6.00 | 86.00 | 92.00 | OK | |
r-patched-linux-x86_64 | 1.0.2 | 3.38 | 66.76 | 70.14 | OK | |
r-release-linux-x86_64 | 1.0.2 | 3.19 | 65.82 | 69.01 | OK | |
r-release-macos-arm64 | 1.0.2 | 41.00 | OK | |||
r-release-macos-x86_64 | 1.0.2 | 79.00 | OK | |||
r-release-windows-x86_64 | 1.0.2 | 5.00 | 84.00 | 89.00 | OK | |
r-oldrel-macos-arm64 | 1.0.2 | 40.00 | OK | |||
r-oldrel-macos-x86_64 | 1.0.2 | 61.00 | OK | |||
r-oldrel-windows-x86_64 | 1.0.2 | 6.00 | 102.00 | 108.00 | OK |
Version: 1.0.2
Check: CRAN incoming feasibility
Result: NOTE
Maintainer: ‘Mark Hubbe <hubbe.1@osu.edu>’
Package CITATION file contains call(s) to old-style citEntry(). Please
use bibentry() instead.
Flavors: r-devel-linux-x86_64-debian-clang, r-devel-linux-x86_64-debian-gcc